e -1 = -2*k - 5, q - 2*k = 2823. Suppose -27*b + 28*b = q. Is b composite?
False
Suppose -g = 4*j - 108006, g + 5*j + 540130 = 6*g. Is g a prime number?
False
Suppose 2*i - 2*v - 9 = v, -4*v = 4. Suppose -4*y = 4*f - 32, -3*y - 16 = -2*f - i*f. Suppose 2228 = -d + f*d. Is d composite?
False
Let s = 1290 + -653. Let b = 1472 - s. Let i = -588 + b. Is i composite?
True
Suppose -4433 = -6*x - 4289. Let n(t) = t - 1. Let s(h) = -15*h + 9. Let c(g) = 2*n(g) - s(g). Is c(x) prime?
True
Let r = -4164 + 8496. Let g be ((-2)/4)/(1/(-10)). Suppose 4*j + 4*x - r = 0, 0*x = -4*j + g*x + 4368. Is j a composite number?
False
Suppose -57*w = -1751393 - 1537128 - 699313. Is w a prime number?
False
Let m be (-4)/3*6/2. Let d be 20/(-25)*m/((-24)/(-15)). Is (0/(-3) - d) + 55 a prime number?
True
Let d(o) = -16*o + 47. Let b be d(3). Let z(c) = -3556*c**3 + 2*c**2 - c - 2. Is z(b) a prime number?
True
Let k = -3878 + 3900. Is k prime?
False
Let f(k) = 56*k**2 + 5*k - 2. Let i be (-30)/(-24)*4 + 1/(-1). Let b be f(i). Let r = -503 + b. Is r composite?
True
Let i = 159672 + -35699. Is i prime?
True
Let j(o) = o**2 - 5*o + 2. Let b be j(-4). Suppose -45*r = -b*r - 6223. Is r a composite number?
True
Suppose -830 = -8*b + 682. Let a = 581 + b. Let f = a + 17. Is f prime?
True
Let d(w) be the second derivative of w**4/4 - 13*w**3/6 - 25*w**2/2 - 64*w + 2. Let v(u) = 2*u + 7. Let z be v(-9). Is d(z) a prime number?
False
Let t(h) = 1207*h**2 - 6*h. Let i be t(4). Suppose i = 10*n - 2*n. Suppose -4*b = 4*o - 4160, 3*b - n = o + 721. Is b a prime number?
False
Let r(n) = 5*n**3 - 11*n**2 - 3*n - 14. Let u = 354 - 347. Is r(u) a prime number?
False
Let k(j) = 62*j**2 - 28*j + 241. Is k(-23) a composite number?
True
Let c(v) = v**3 + v**2 - 1. Suppose 0 = -268*t + 271*t - 18. Is c(t) prime?
True
Let c(h) = -267*h - 168. Let d be c(-10). Let s = d - 769. Is s a composite number?
False
Let a be ((-3 - 13)/(-4))/1. Suppose 16*n - a*n - 18636 = 0. Is n prime?
True
Let h be (0 + 2/(-6))*(13 - 28). Suppose -h*v + 2627 + 1098 = 0. Is v composite?
True
Let g be (3 + 1)/(9/9 + -3). Is ((-3045)/(-30))/(g/(-4)) composite?
True
Suppose -5*h + 22999 = -v + 70581, -v + 47588 = -3*h. Is v composite?
True
Suppose 30*s - 36*s = 202512. Let u = s + 62761. Is u prime?
True
Suppose -3*o - 6282 = 4329. Let i = o - -16278. Let w = i + -8452. Is w composite?
False
Let c(x) = 6151*x - 6237. Is c(26) composite?
False
Suppose -2*n = 5*c - 160375, -5*c - 120*n = -116*n - 160385. Is c composite?
True
Let v(z) = -447*z**3 - 3*z - 4. Let w = -195 + 344. Let m = w + -150. Is v(m) a composite number?
True
Let w be 1596/(-9) + (-16)/(-12). Let g = w - -994. Is g a composite number?
True
Let a(g) = 3*g - 3*g - 11 - 4*g + 3*g. Let t be a(-26). Suppose t - 1 = 2*k. Is k a composite number?
False
Let l = -5 + 29. Let r(y) = 1915 - 16*y + l*y - 11*y. Is r(0) prime?
False
Let u be (-134 + -2)/((-22)/286). Suppose -l + 457 = -2*b, l - 4*b = 5*l - u. Is l composite?
True
Let x(s) = 66*s - 389. Let f be x(6). Suppose 0 = f*n + 2198 - 6559. Is n a prime number?
False
Suppose 0 = -q + 4*v - 0 - 12, 4*v = -4*q - 48. Let k be 15/q + (-3)/(-12). Let a = 68 - k. Is a a prime number?
False
Let c = -1198 - -2463. Let k = c + 2724. Is k composite?
False
Let v = 35 - 27. Let i be (-9)/6*v - 3. Let j(k) = k**3 + 20*k**2 + 23*k + 11. Is j(i) a composite number?
True
Let d(g) = g**2 - 9*g + 5. Let o(y) = -y**2 - 7*y + 15. Let i be o(-8). Let c be d(i). Is c*(-1)/3 - (-1 + -1007) prime?
False
Let s = 80 + -72. Let g(l) = 682*l + 78. Is g(s) a prime number?
False
Suppose 3*r - 18 = -4*v, -r - 13 = -0*r - 5*v. Let a(k) be the first derivative of 22*k**3 - k**2/2 - 3*k + 47. Is a(r) prime?
False
Let s(l) = 15*l**2 + 15*l + 1. Let c = 93 + -89. Suppose 42 = c*v - 11*v. Is s(v) prime?
False
Let m(y) = -1222*y + 9021. Is m(-181) prime?
True
Is (8 + 5 + -326900)*(0 + -1) composite?
True
Let u = 75 + -78. Let m(x) = 516*x**2 + 10*x + 7. Is m(u) composite?
False
Let q be 152176/14 + (-253)/(-77) + -3. Suppose -17585 = -15*u + q. Is u composite?
True
Let j(m) = -147*m - 84*m - 236*m. Let r(f) = -509030*f. Let l(a) = 3269*j(a) - 3*r(a). Is l(1) prime?
True
Let b(o) = -o**3 - o**2 - o + 1. Let x(k) = 3*k**3 + 11*k**2 - 6*k - 8. Let n(l) = -4*b(l) - x(l). Let i be n(8). Let j = 617 - i. Is j composite?
True
Let p(l) = 1302*l**2 + 75*l - 290. Is p(7) prime?
True
Suppose -9*c + 267976 = c - 5314. Is c a prime number?
True
Let o be (59 - 63) + 24/2. Suppose o*n = 7*n + 5143. Is n a prime number?
False
Let t = 3452257 + -2337162. Is t a prime number?
False
Let k(g) = -7*g**3 - 20*g**2 + 17*g - 11. Is k(-16) prime?
True
Let u(z) = 866*z**2 - 5*z + 6. Let w be u(-6). Suppose 4*c - w + 11576 = 0. Is c a composite number?
False
Suppose -l = 5*j - 7, 3*j - 4*j + 1 = 0. Suppose 3*n + o = -3, n - 3*n - l = -4*o. Is (1 - 3*(2 + n)) + 1197 composite?
True
Let f(k) = -108*k - 94. Let n be f(-3). Let r = n + 2103. Is r composite?
False
Let f be 160/(-12) - 10/15. Let c(t) = -t**3 + 3*t**2 + 58*t + 1. Is c(f) a composite number?
False
Let g be (-12)/(-20) - (-118)/(-5). Suppose -76*p = -72*p + 1108. Let x = g - p. Is x a composite number?
True
Suppose -2*a - 2 = 26. Suppose 12374 = u + 4*k, 5*k - 12375 = -u - 0*u. Is 36/(-63) - u/a a composite number?
False
Let b(n) = n**2 + 4*n. Let i be b(0). Suppose -2*f + 3*f = 4, i = 4*w - 5*f - 3944. Is w a composite number?
False
Suppose -100*q + 102*q = -3*a + 75580, -q = -5*a - 37751. Is q composite?
False
Let w(d) = 4725*d - 2. Is w(3) a composite number?
False
Let b(c) = 140620*c - 1939. Is b(3) prime?
True
Let y = -191 - -194. Suppose -3*d = -9, y*c - 2*d = 5272 + 6689. Is c prime?
True
Suppose -5*t = -3*c - 116094, -6*t = -3*t + c - 69648. Is t/(-2)*5/(75/(-10)) prime?
False
Let t be 4/(-6) + 70/15*1. Suppose 20 = -0*w + t*w. Suppose -2988 = -w*y + 1907. Is y composite?
True
Suppose 4*m + 148 = 4*i, -5*m - 139 = -2*i + 43. Is ((-12)/m)/((-1)/(-1257)) a composite number?
False
Suppose 22*l + 4596 = 10*l. Let t(y) = 18*y + 14. Let u be t(-14). Let b = u - l. Is b a prime number?
False
Let u = -78 - -77. Is 251 - u*(-2 + 5) a composite number?
True
Let d(q) = 30766*q + 909. Is d(7) prime?
False
Suppose 4737473 = -138*p + 142*p + 3*q, -5*q = -p + 1184328. Is p prime?
True
Let t(c) = c**2 + 9*c + 18. Let k be t(-2). Suppose -2*u - 3*h + 7745 = 0, k*u - 8*u + 3*h = -15517. Is u a prime number?
True
Let g(u) = -46*u - 139. Let z be g(7). Is 25 - 21 - (2 + 67)*z a composite number?
True
Suppose -12*h + 15*h + 9 = 5*t, 3*t - 5*h = 15. Let f(z) = z**2 + 3*z + 6899. Is f(t) prime?
True
Let f be 2/8*(0 + 0). Suppose f*u + 35 = 2*u - 5*d, d + 5 = 0. Suppose u*y = -4*a + 1592, -4*a + 3*y + 1556 = -y. Is a prime?
False
Let k(m) = 193*m**3 - 4*m + 4. Let c be k(1). Suppose -2859 = 190*y - c*y. Is y a composite number?
False
Let k be 3/(6/72*(-18)/(-2)). Suppose -201 = 2*f + 4*c - 1655, 5*c - 2920 = -k*f. Suppose 8 = 2*s, -4*l - 5*s + f + 49 = 0. Is l a composite number?
False
Let q be (-13 - -4)/(6/4). Let i be ((-2)/q)/((-1)/9) + 8. Suppose 0*v = 2*a + i*v - 402, 603 = 3*a + 4*v. Is a prime?
False
Suppose 54 = 4*o - 34. Let z = 25 - o. Suppose -s + 4*p + 529 = -0*p, z*s - 1608 = 5*p. Is s a prime number?
True
Let s(v) = -v**3 + 25*v**2 - 35*v - 64. Suppose 0 = -k + 7*k + 42. Let f(a) = a**3 - 17*a**2 + 23*a + 43. Let w(b) = k*f(b) - 5*s(b). Is w(-9) a prime number?
False
Suppose f = -2*n + 6*f + 2, -3*n + f + 16 = 0. Suppose n*h - 9 = 9. Let i(z) = 4*z**3 + 2*z**2 + 5*z - 2. Is i(h) a composite number?
False
Let v(y) = y**3 - 109*y**2 - 718*y + 23. Is v(132) prime?
True
Let h = 189649 - 75126. Is h a prime number?
False
Let z(u) = 202*u**2 + 11*u - 47. Is z(4) a composite number?
False
Is (-2)/(-4) + 34826/308*77 prime?
True
Suppose -36*b + 346421 = 3*m - 38*b, 25 = 5*b. Is m a composite number?
True
Let f be (64/2)/(-4) + 5 - -17175. Let k = f - -18997. Is k composite?
True
Let m(k) = k**3 + 8*k**2 - 3*k - 11. Let j be m(-7). Suppose -j*r = -37*r - 37862. Is r a composite number?
False
Suppose 3 = -0*s + 3*s. Let q = 50 + -49. Is ((-3101)/(0 - s))/q composite?
True
Is (-2744)/686*(-27263)/4 a composite number?
True
Let t = -41976 + 58897. Is t a composite number?
False
Suppose k + 744244 + 1773001 = 3*x, 0 = 4*k + 8. 